git of 3143455659?
9
What is the thousands digit of 736480397?
0
What is the thousands digit of 177592457?
2
What is the units digit of 8174062?
2
What is the hundreds digit of 41960055?
0
What is the ten thousands digit of 1176209338?
0
What is the ten millions digit of 34020396?
3
What is the tens digit of 65956615?
1
What is the hundred millions digit of 889478170?
8
What is the ten millions digit of 1161458264?
6
What is the millions digit of 26481580?
6
What is the hundred thousands digit of 22436641?
4
What is the millions digit of 1483759292?
3
What is the tens digit of 2607683639?
3
What is the millions digit of 34936187?
4
What is the thousands digit of 647372522?
2
What is the tens digit of 31618362?
6
What is the hundreds digit of 614064199?
1
What is the billions digit of 5025998521?
5
What is the hundred millions digit of 489092185?
4
What is the ten millions digit of 403923606?
0
What is the millions digit of 814678456?
4
What is the tens digit of 797549126?
2
What is the hundred millions digit of 974918261?
9
What is the hundreds digit of 176381515?
5
What is the hundred millions digit of 259012191?
2
What is the millions digit of 139673981?
9
What is the thousands digit of 47738051?
8
What is the millions digit of 28898149?
8
What is the tens digit of 10931006?
0
What is the tens digit of 556875387?
8
What is the ten thousands digit of 39833240?
3
What is the hundred millions digit of 544973802?
5
What is the hundred thousands digit of 209120661?
1
What is the units digit of 2847342213?
3
What is the ten millions digit of 612177109?
1
What is the ten thousands digit of 33508309?
0
What is the units digit of 236453408?
8
What is the tens digit of 386202537?
3
What is the ten thousands digit of 390498192?
9
What is the thousands digit of 3367345?
7
What is the hundreds digit of 82609774?
7
What is the hundreds digit of 2520019399?
3
What is the tens digit of 4795578075?
7
What is the hundred thousands digit of 389220514?
2
What is the tens digit of 16937822?
2
What is the hundreds digit of 28820479?
4
What is the hundred millions digit of 6618437223?
6
What is the thousands digit of 70819325?
9
What is the tens digit of 110928402?
0
What is the hundred thousands digit of 1225977205?
9
What is the ten thousands digit of 1420369871?
6
What is the hundred millions digit of 147722023?
1
What is the thousands digit of 601056270?
6
What is the units digit of 117894143?
3
What is the millions digit of 4393473877?
3
What is the thousands digit of 92286095?
6
What is the tens digit of 354740032?
3
What is the thousands digit of 77022341?
2
What is the hundreds digit of 621608409?
4
What is the ten millions digit of 151082627?
5
What is the millions digit of 1197734368?
7
What is the millions digit of 73552643?
3
What is the hundred millions digit of 1186961232?
1
What is the ten millions digit of 2076303316?
7
What is the tens digit of 70658323?
2
What is the tens digit of 593190870?
7
What is the ten thousands digit of 3085309333?
0
What is the units digit of 9031154652?
2
What is the thousands digit of 58984292?
4
What is the tens digit of 172721076?
7
What is the ten thousands digit of 52076481?
7
What is the units digit of 22207536?
6
What is the hundred millions digit of 321850770?
3
What is the millions digit of 155921080?
5
What is the millions digit of 4086252297?
6
What is the ten thousands digit of 41261017?
6
What is the ten thousands digit of 73358920?
5
What is the ten thousands digit of 3137875822?
7
What is the hundred thousands digit of 246634672?
6
What is the ten millions digit of 314924137?
1
What is the hundreds digit of 211709300?
3
What is the hundred thousands digit of 140537381?
5
What is the hundred thousands digit of 155668211?
6
What is the hundred millions digit of 455173495?
4
What is the hundred thousands digit of 18115329?
1
What is the thousands digit of 783753094?
3
What is the hundreds digit of 56324677?
6
What is the hundred millions digit of 112859703?
1
What is the hundreds digit of 291834370?
3
What is the millions digit of 946555032?
6
What is the ten thousands digit of 91291370?
9
What is the thousands digit of 26948890?
8
What is the ten thousands digit of 117409643?
0
What is the ten thousands digit of 62673606?
7
What is the hundred millions digit of 313145837?
3
What is the hundred millions digit of 179085918?
1
What is the hundred millions digit of 4937750460?
9
What is the millions digit of 2135503321?
5
What is the units digit of 11993051?
1
What is the ten millions digit of 1040529073?
4
What is the millions digit of 1796876280?
6
What is the thousands digit of 28548801?
8
What is the ten thousands digit of 510872051?
7
What is the hundreds digit of 3250313838?
8
What is the ten thousands digit of 112152499?
5
What is the ten millions digit of 292842359?
9
What is the thousands digit of 34524440?
4
What is the hundreds digit of 34005876?
8
What is the thousands digit of 1271806040?
6
What is the thousands digit of 123737889?
7
What is the hundreds digit of 291866247?
2
What is the units digit of 1491089033?
3
What is the ten thousands digit of 60048805?
4
What is the ten millions digit of 18978617?
1
What is the hundreds digit of 1037209042?
0
What is the millions digit of 188898289?
8
What is the millions digit of 121698343?
1
What is the ten thousands digit of 445108074?
0
What is the tens digit of 1383258660?
6
What is the ten thousands digit of 4118975661?
7
What is the hundreds digit of 736888660?
6
What is the thousands digit of 260038948?
8
What is the hundred thousands digit of 69412780?
4
What is the hundred millions digit of 536466932?
5
What is the thousands digit of 13386548?
6
What is the thousands digit of 464470605?
0
What is the hundred millions digit of 134811606?
1
What is the hundred thousands digit of 46145710?
1
What is the hundreds digit of 1490351765?
7
What is the hundred thousands digit of 4083699297?
6
What is the ten thousands digit of 8146963009?
6
What is the tens digit of 29220976?
7
What is the thousands digit of 487584605?
4
What is the thousands digit of 72921559?
1
What is the hundreds digit of 2565421078?
0
What is the ten thousands digit of 1026200460?
0
What is the hundreds digit of 126431493?
4
What is the ten thousands digit of 21215690?
1
What is the ten thousands digit of 8295101?
9
What is the units digit of 78156354?
4
What is the hundred thousands digit of 55312260?
3
What is the hundreds digit of 7928021?
0
What is the millions digit of 31551670?
1
What is the millions digit of 56369729?
6
What is the hundreds digit of 24662836?
8
What is the ten millions digit of 59564326?
5
What is the ten thousands digit of 1021872990?
7
What is the hundreds digit of 23657590?
5
What is the ten thousands digit of 9255939?
5
What is the hundred millions digit of 2671488384?
6
What is the millions digit of 175944880?
5
What is the thousands digit of 80570072?
0
What is the thousands digit of 101364760?
4
What is the millions digit of 235661597?
5
What is the ten thousands digit of 513040679?
4
What is the millions digit of 109138739?
9
What is the ten millions digit of 78327772?
7
What is the ten thousands digit of 6282637117?
3
What is the thousands digit of 1115439428?
9
What is the thousands digit of 635003056?
3
What is the ten thousands digit of 142893124?
9
What is the ten millions digit of 719475880?
1
What is the tens digit of 23476830?
3
What is the ten millions digit of 11110271?
1
What is the millions digit of 133372105?
3
What is the hundreds digit of 1297977794?
7
What is the tens digit of 508337665?
6
What is the hundred thousands digit of 778553350?
5
What is the millions digit of 41479581?
1
What is the ten millions digit of 506639741?
0
What is the tens digit of 92938108?
0
What is the tens digit of 36110315?
1
What is the millions digit of 241490179?
1
What is the units digit of 4111987805?
5
What is the hundred thousands digit of 107769684?
7
What is the thousands digit of 13620876?
0
What is the hundred thousands digit of 967101002?
1
What is the thousands digit of 20290714?
0
What is the hundreds digit of 90860086?
0
What is the ten millions digit of 695339456?
9
What is the hundreds digit of 2085682046?
0
What is the millions digit of 5